rime factors of 133312677?
3, 44437559
What are the prime factors of 21698884?
2, 31, 174991
List the prime factors of 255343481.
255343481
List the prime factors of 19700354.
2, 37, 266221
What are the prime factors of 300879165?
3, 5, 20058611
What are the prime factors of 343430952?
2, 3, 14309623
List the prime factors of 72028376.
2, 7, 31, 41491
List the prime factors of 298782458.
2, 13, 11491633
List the prime factors of 435243952.
2, 11, 13, 14633
List the prime factors of 941376061.
941376061
What are the prime factors of 278262250?
2, 5, 7, 29, 5483
List the prime factors of 2592567581.
2592567581
What are the prime factors of 76058811?
3, 263, 10711
List the prime factors of 3329457277.
43, 77429239
List the prime factors of 871305769.
871305769
List the prime factors of 1185211744.
2, 37037867
List the prime factors of 1773335296.
2, 6927091
List the prime factors of 41068729.
13, 3159133
What are the prime factors of 481949435?
5, 11, 163, 53759
List the prime factors of 281496306.
2, 3, 7, 13, 31, 16631
List the prime factors of 77342167.
7, 1949, 5669
List the prime factors of 7400469229.
167, 863, 51349
List the prime factors of 148971243.
3, 149, 333269
List the prime factors of 352011662.
2, 139, 1266229
List the prime factors of 14219503.
14219503
List the prime factors of 4631073455.
5, 557, 1662863
What are the prime factors of 256323476?
2, 53, 1209073
List the prime factors of 53141465.
5, 13, 817561
What are the prime factors of 321902122?
2, 160951061
List the prime factors of 173632797.
3, 13, 114157
List the prime factors of 48807496.
2, 761, 8017
List the prime factors of 68771021.
11, 6251911
What are the prime factors of 12299622?
2, 3, 31, 89, 743
List the prime factors of 176754093.
3, 19, 3100949
What are the prime factors of 3645929379?
3, 1215309793
List the prime factors of 5271751738.
2, 11, 239625079
What are the prime factors of 513584683?
513584683
What are the prime factors of 175073909?
1433, 122173
List the prime factors of 102016835.
5, 20403367
What are the prime factors of 5022867302?
2, 10133, 247847
What are the prime factors of 43495591?
43495591
List the prime factors of 707024517.
3, 235674839
List the prime factors of 131422198.
2, 4723, 13913
What are the prime factors of 598329770?
2, 5, 541, 110597
What are the prime factors of 458003774?
2, 211, 1085317
What are the prime factors of 249243045?
3, 5, 19, 874537
What are the prime factors of 855012022?
2, 277, 1129, 1367
What are the prime factors of 1492398313?
7, 213199759
What are the prime factors of 30248198?
2, 15124099
List the prime factors of 126381961.
17, 617, 12049
What are the prime factors of 9650917?
17, 19, 29879
List the prime factors of 324639611.
324639611
List the prime factors of 54405340.
2, 5, 11, 67, 3691
What are the prime factors of 119510930?
2, 5, 7, 11, 155209
List the prime factors of 33812632.
2, 7, 79, 7643
List the prime factors of 73569808.
2, 13, 577, 613
List the prime factors of 90935587.
7951, 11437
What are the prime factors of 433442914?
2, 17, 101, 113, 1117
List the prime factors of 14150244.
2, 3, 23, 167, 307
What are the prime factors of 211158390?
2, 3, 5, 197, 35729
List the prime factors of 889455895.
5, 17, 337, 31051
List the prime factors of 36800456.
2, 7, 11, 5431
What are the prime factors of 3095531?
37, 83663
What are the prime factors of 131736967?
131736967
List the prime factors of 46222664.
2, 5777833
What are the prime factors of 918620606?
2, 797, 576299
List the prime factors of 1585217967.
3, 528405989
What are the prime factors of 607471956?
2, 3, 7, 13, 107, 1733
List the prime factors of 55962655.
5, 7, 228419
What are the prime factors of 207908993?
5581, 37253
What are the prime factors of 2976381524?
2, 101, 103, 71527
List the prime factors of 850626726.
2, 3, 141771121
List the prime factors of 178365599.
31, 659, 8731
What are the prime factors of 1055677015?
5, 211135403
What are the prime factors of 1885203201?
3, 7, 829, 108289
What are the prime factors of 8248084?
2, 13, 158617
List the prime factors of 3884097944.
2, 4729, 102667
List the prime factors of 663762959.
397, 1671947
List the prime factors of 398128135.
5, 197, 404191
List the prime factors of 2139754753.
4817, 444209
List the prime factors of 12425760.
2, 3, 5, 8629
What are the prime factors of 1610972864?
2, 229, 109919
What are the prime factors of 161506255?
5, 269, 120079
List the prime factors of 662197303.
662197303
List the prime factors of 78622179.
3, 683, 38371
List the prime factors of 1545432151.
1545432151
List the prime factors of 118618511.
11, 2753, 3917
What are the prime factors of 495475752?
2, 3, 23, 897601
List the prime factors of 3025310606.
2, 19, 89, 811, 1103
What are the prime factors of 766736218?
2, 383368109
List the prime factors of 182855922.
2, 3, 113, 283, 953
List the prime factors of 83645769.
3, 149, 187127
List the prime factors of 34510544.
2, 17, 71, 1787
List the prime factors of 3392762527.
7, 11, 73, 107, 5641
What are the prime factors of 139341319?
13, 10718563
What are the prime factors of 130628713?
691, 189043
What are the prime factors of 747015576?
2, 3, 31125649
List the prime factors of 95360645.
5, 23, 829223
What are the prime factors of 5362085137?
103, 907, 57397
List the prime factors of 73648372.
2, 7, 375757
What are the prime factors of 304662643?
857, 355499
List the prime factors of 158002314.
2, 3, 2549, 10331
What are the prime factors of 288493441?
653, 441797
What are the prime factors of 1242671091?
3, 41, 10103017
List the prime factors of 1834553396.
2, 13, 35279873
What are the prime factors of 5024302438?
2, 2111, 1190029
What are the prime factors of 1019662985?
5, 11, 151, 122777
List the prime factors of 4141442474.
2, 13, 159286249
What are the prime factors of 2017161091?
11, 29, 41, 154229
List the prime factors of 226962976.
2, 7092593
What are the prime factors of 33859971?
3, 17, 71, 1039
What are the prime factors of 56316585?
3, 5, 13, 288803
What are the prime factors of 958397307?
3, 7, 29, 1573723
What are the prime factors of 31915680?
2, 3, 5, 66491
List the prime factors of 53821356.
2, 3, 41, 139, 787
List the prime factors of 23987877.
3, 37, 216107
List the prime factors of 110440964.
2, 27610241
List the prime factors of 80480702.
2, 40240351
List the prime factors of 135082591.
7, 19297513
What are the prime factors of 50040722?
2, 1429, 17509
List the prime factors of 44585377.
457, 97561
List the prime factors of 3321073789.
11, 301915799
What are the prime factors of 1002346488?
2, 3, 11, 13, 29, 373
What are the prime factors of 793374919?
793374919
List the prime factors of 77271022.
2, 29, 37, 36007
What are the prime factors of 702101604?
2, 3, 19, 47, 65519
List the prime factors of 35303590.
2, 5, 7, 504337
What are the prime factors of 3308268?
2, 3, 17, 16217
What are the prime factors of 127756456?
2, 19, 31, 1427
List the prime factors of 39863582.
2, 11, 31, 58451
What are the prime factors of 1257513025?
5, 719, 69959
List the prime factors of 9341050.
2, 5, 227, 823
List the prime factors of 869997762.
2, 3, 239, 202231
List the prime factors of 336028609.
7, 48004087
What are the prime factors of 625917578?
2, 11, 13, 239, 9157
What are the prime factors of 497176989?
3, 227, 730069
List the prime factors of 310632911.
9157, 33923
What are the prime factors of 1017493133?
43, 1487, 15913
What are the prime factors of 4581097934?
2, 7, 327221281
What are the prime factors of 75648569?
75648569
List the prime factors of 1281389796.
2, 3, 79, 349, 1291
What are the prime factors of 5730250134?
2, 3, 7, 136434527
What are the prime factors of 1356005729?
13, 179, 582727
What are the prime factors of 4801718425?
5, 7, 17, 1614023
List the prime factors of 97225574.
2, 29, 1676303
List the prime factors of 771063012.
2, 3, 47, 455711
List the prime factors of 45064183.
653, 69011
List the prime factors of 13192623.
3, 1465847
What are the prime factors of 32094431?
41, 782791
What are the prime factors of 876080715?
3, 5, 71, 822611
List the prime factors of 1052649392.
2, 31, 2122277
What are the prime factors of 1199188688?
2, 59, 1270327
What are the prime factors of 27187455?
3, 5, 79, 2